ime factors of q(-1).
43
Let l(v) = v. Let a be l(2). List the prime factors of 108/8 + a/4.
2, 7
What are the prime factors of (-4 - (-3)/6)*-2?
7
Let p(x) = 2*x + 3. Let m(u) = u + 1. Let b = 8 + -2. Let n(j) = b*p(j) - 13*m(j). List the prime factors of n(-4).
3
Let x = 5 + 9. What are the prime factors of 12/(-21) - (-64)/x?
2
Suppose 0*h - 3*h = t + 5, 5*h = -t - 11. Let o(y) = -3*y + 2. What are the prime factors of o(h)?
11
List the prime factors of ((-224)/10)/(156/(-30) - -5).
2, 7
Let g be (-6 - 2/(-1))/2. Let u(z) be the third derivative of -z**6/60 + z**5/60 + z**4/24 - z**3/3 - z**2. What are the prime factors of u(g)?
2
Let m(y) = -y**2 - y + 29. What are the prime factors of m(0)?
29
What are the prime factors of 2 + 159 - (-1)/(3/12)?
3, 5, 11
Suppose 10*s - 6*s + 64 = 0. Let m = s + 32. What are the prime factors of m?
2
What are the prime factors of 6/(-8) + 13*46/8?
2, 37
Let o = 144 + -228. List the prime factors of ((-2)/(-6))/((-7)/o).
2
Suppose -27 = 5*h + 63. Let l = h - -29. What are the prime factors of (-3 - -4)*l/1?
11
Suppose -4*m + 10 + 14 = 0. Suppose -39 - 24 = -3*g. What are the prime factors of (g/m - 2)*8?
2, 3
Let i be (-1)/(-2 + 1) + 2. Let g be 2/(-9) + (-110)/(-9). Suppose g = i*d, 2*w - 2*d + 8 = 2*d. What are the prime factors of w?
2
Let h(i) = -6*i**3 + 3*i + 3. Let o be h(-2). Suppose 0 = q - 2, 2*q + o = 3*w - q. What are the prime factors of w?
17
Let w(u) = u + 4. Let q(o) = -1. Let p(v) = q(v) + w(v). Let r be p(8). Suppose -r + 3 = -a. What are the prime factors of a?
2
Let k = 6 - 8. Let u be 2 + -1 + k + 1. List the prime factors of 3 + 0 - (u + -5).
2
Suppose -6*n + 172 = -224. What are the prime factors of n?
2, 3, 11
Suppose 0 = -3*h + 3*v - 0*v + 99, -2*h = 5*v - 80. List the prime factors of h.
5, 7
Suppose 6*f = 3*f + 90. Let y = -16 + f. What are the prime factors of y?
2, 7
Let b be 8/20 + (-7)/5. Let m be -3*(b - (-39)/9). What are the prime factors of (4/5)/((-2)/m)?
2
Suppose 201 + 465 = 6*i. List the prime factors of i.
3, 37
Suppose 0 = 4*g + 4*y - 492, 2*g + 4*y - 253 = 9*y. What are the prime factors of g?
2, 31
Suppose 8*w + 840 = 18*w. List the prime factors of w.
2, 3, 7
Let o(c) = 7*c**2 - c. Let y be o(1). Let p be 4/y*-1*-3. Let v = 7 - p. List the prime factors of v.
5
Let o(f) be the third derivative of -5*f**4/24 - f**3/6 + f**2. Let x = -10 - -8. List the prime factors of o(x).
3
Let g(m) = m + 3. Let c be g(-2). Let z = c - -4. Suppose -z*t + y + 22 = 0, 4*y = 5*t - 16 - 12. List the prime factors of t.
2
Let j(c) = -3 - 3 + 4 + 0*c - c. Let b be j(-4). Suppose -3*d + 10 = -b. What are the prime factors of d?
2
Suppose 2*b + b = 177. Suppose 0 = 3*k - b - 67. List the prime factors of k.
2, 3, 7
Suppose r + 0 = -2. Let v be ((-26)/3)/(r/6). Suppose 2*m = v - 0. What are the prime factors of m?
13
Let y = -15 + 31. List the prime factors of y + (2 + -1 - 4).
13
Let z be ((-6)/(-3) + -2)/(-1). Suppose -2*m - 12 = -2*l, 0 = -2*l - z*m + 3*m + 10. List the prime factors of l.
2
Let k(n) = n + 8. Let b be k(-6). Let r(m) = 6*m. What are the prime factors of r(b)?
2, 3
What are the prime factors of (3/(9/(-57)))/((-13)/52)?
2, 19
Suppose 3*n = -2*o + 1, -2*o - 4 = -5*n - 13. Suppose -6*u + 48 = -o*u. List the prime factors of u.
2, 3
Let n = -6 - -1. Let s = 13 - n. List the prime factors of s.
2, 3
Suppose -3*r = -66 - 39. Let k = 50 - r. Suppose -4*q + 4*o - 3*o + k = 0, q - 15 = 4*o. List the prime factors of q.
3
Suppose f - 7*f = -1020. What are the prime factors of f?
2, 5, 17
Let u = 36 - -27. Suppose 79 = 5*r + 3*i + i, 4*r + 3*i = u. What are the prime factors of r?
3, 5
Let r(u) = 1 - 3 + 3 + 11*u**2. Let b be r(-1). Suppose 4*z - b = 12. List the prime factors of z.
2, 3
Let g be (10/20)/(2/24). Let d = -3 + g. Suppose 5*i + 52 = d*r, 0 = 4*r + i + 3*i - 48. List the prime factors of r.
2, 7
Let s(t) = -t - 2. Let n be s(-5). Suppose -3*l + n*z = l - 39, 4*z + 31 = 3*l. What are the prime factors of (-2)/((-3)/l - 0)?
2, 3
Suppose 5*j - 3*c = 181, j + 3*j = -c + 155. Let d = j - 5. What are the prime factors of d?
3, 11
Let j(w) = w**2 + 9*w - 18. What are the prime factors of j(-12)?
2, 3
Let f be 4/(-3)*(-30)/4. Let a(b) = 3*b**3 + 2*b**2 - b. Let h be a(1). Suppose u = -h*u + f. List the prime factors of u.
2
Let k(u) be the first derivative of -u**2/2 + 7*u + 22. Suppose 35 = -5*c - 15. List the prime factors of k(c).
17
Let m be (1 + -1)/(4 + -6). Let b(d) = 3 - 2*d**2 + 5*d + m*d**2 + 3*d**2. List the prime factors of b(-6).
3
Let s(m) = m + 14. Let f be s(-12). Suppose l - f*l = -43. List the prime factors of l.
43
Suppose 4*g + g - 10 = 0. Let d(n) = 6 + n - 2*n + n**2 + 9*n + n**g. List the prime factors of d(-5).
2
Let j = 13 + 12. Let x = j + -4. List the prime factors of x.
3, 7
What are the prime factors of (-14)/(-4) - 21/(-14)?
5
Suppose 5*w + 88 = 7*w. List the prime factors of w.
2, 11
Let m = 2 - -5. Suppose m = -4*d + 5*d. What are the prime factors of d?
7
Let g(s) = -s**3 - 5*s**2 - 3*s + 8. Let u be g(-4). Suppose i + 2*i = 45. Suppose i = -k + 4*k - u*c, k - c - 6 = 0. What are the prime factors of k?
3
Let v(f) = -5*f - 3. What are the prime factors of v(-5)?
2, 11
Let k be (10/25)/(2/60). Suppose -4*z + k = -28. What are the prime factors of z?
2, 5
List the prime factors of (((-696)/18)/(-4))/(2/6).
29
Let y = 327 + -125. What are the prime factors of y?
2, 101
Suppose -q = 4*u - 49, -6*q + 3*q + 203 = -2*u. What are the prime factors of q?
5, 13
Let g(d) = d**2 - 19*d + 8. What are the prime factors of g(20)?
2, 7
Let u(a) = a - 2. Let p be u(6). Suppose -4*f + 3*f = -p. What are the prime factors of f?
2
Suppose 0 = 4*y + y - 255. List the prime factors of y.
3, 17
Suppose -9*d = -721 + 154. What are the prime factors of d?
3, 7
Let n be (1 - -1) + 6/3. Suppose -4*i + 2*j + 0 = -18, -2*j + 6 = n*i. Suppose -2 = -4*f - 3*r, -r = i*f - 6*r - 16. List the prime factors of f.
2
Let g(t) = -t. Let v be g(0). Suppose -7*l + v*l = -49. List the prime factors of l.
7
List the prime factors of 1/((-585)/295 + 2).
59
Let n(b) = -b**3 - 6*b**2 + 6*b + 19. List the prime factors of n(-7).
2, 13
Let b(p) = -p**3 + 13*p**2 + 13*p + 17. List the prime factors of b(14).
3
What are the prime factors of 24*(14/3 + -3)?
2, 5
Let x(y) = y**2 - 4*y + 3. Let t be x(3). Let o = t - -4. List the prime factors of o.
2
Suppose 4*i = 3*f - 1, -4*i - 10 - 11 = f. Let v = -3 - i. What are the prime factors of 2 + (2 - v) + 1?
2
Suppose 3*v + 3*p + 8 = -p, 2*v + 3*p = -6. Let c be 0/(-2) - (-2 + v). Suppose c*z - 14 = 2. List the prime factors of z.
2
Suppose 2*p + 285 = 5*p. List the prime factors of p.
5, 19
Let h = 6 - 4. What are the prime factors of h?
2
What are the prime factors of 33 - (0/5 - 4)?
37
Suppose 5*t + 3*m - 1608 = 0, 2*t - 5*m - 644 = -6*m. List the prime factors of t.
2, 3
Let y(u) = -u**3 + 4*u + 3. Let o(w) = 3*w + 1. Let p be (-15)/12 - (-1)/4. Let l be o(p). What are the prime factors of y(l)?
3
Suppose 21*b = 29*b - 1728. What are the prime factors of b?
2, 3
What are the prime factors of -2*-2*116/16?
29
List the prime factors of (-2)/(-4)*4*11.
2, 11
Let i(j) = -j**3 - 2*j**2 - 2*j - 1. Let v be i(-3). Let d be (v/4)/(1/4). Suppose -d = -5*s + 36. What are the prime factors of s?
2, 5
Let x(a) = -a**3 + 6*a**2 + 10*a - 5. Let f(k) = -2*k - 3. Let n be f(-5). List the prime factors of x(n).
2
Let v = 8 + -5. Suppose 11 = v*r - 16. List the prime factors of r.
3
Let p(f) = f + 45. List the prime factors of p(19).
2
Suppose 4 - 3 = b, -11 = -2*w - 5*b. Suppose -5*u + 4*g + g = 10, -5*g + 10 = -w*u. List the prime factors of 0 - (u - (3 + -1)).
2
Let j(z) = -z**2 - 6*z + 7. Let h be j(-6). Let y(o) = o + 7. What are the prime factors of y(h)?
2, 7
Suppose -l + 114 = 3*w - 121, -3*l = -3*w + 243. List the prime factors of w.
79
Let s = -1 - 2. Let p(n) = n**2 - n - 1. What are the prime factors of p(s)?
11
Let j = -5 - -8. Suppose w = -0*w - 5, 0 = -j*v - 5*w - 4. Suppose 1 = -k + v. What are the prime factors of k?
2, 3
Let t(q) = 17*q. Let b be t(2). Suppose -g = 3, u - b = -g + 6. Suppose -n - 4*n + u = -3*d, 5*n - 38 = -2*d. List the prime factors of n.
2
Suppose 9 = 3*h - 6. Let x = 14 - h. List the prime factors of x.
3
Let n(q) be